umber?
False
Is 79425863053 a prime number?
True
Is 9545397691 prime?
False
Is 37963297 composite?
True
Is 46310783 a prime number?
False
Is 10420333691 prime?
True
Is 231197937 a prime number?
False
Is 705943603 a composite number?
False
Is 640096117 a composite number?
True
Is 289510373 composite?
True
Is 2624041709 prime?
True
Is 1285250503 a prime number?
False
Is 711737177 composite?
False
Is 276208847 composite?
True
Is 6493828349 composite?
True
Is 6580354219 prime?
False
Is 657280451 composite?
False
Is 9067854493 prime?
True
Is 44343181 composite?
True
Is 826391549 a composite number?
True
Is 165346483 composite?
False
Is 4175351651 a composite number?
True
Is 92484530711 composite?
False
Is 81757631 composite?
False
Is 342056663 prime?
False
Is 21520938403 a composite number?
False
Is 279964887949 a composite number?
False
Is 13770680486 prime?
False
Is 3770788555 prime?
False
Is 82118841881 composite?
True
Is 5746945546 prime?
False
Is 1961459009 composite?
True
Is 35468310763 prime?
False
Is 1814334191 composite?
True
Is 2744295331 a prime number?
False
Is 272766773 a prime number?
True
Is 6226105811 a composite number?
True
Is 542017687 a composite number?
False
Is 9449072807 a composite number?
False
Is 402829951 a composite number?
True
Is 5286336581 composite?
True
Is 1941264497 a composite number?
True
Is 311436395 a prime number?
False
Is 1116865169 a prime number?
False
Is 23904981197 composite?
True
Is 678118283 prime?
True
Is 36951007823 prime?
False
Is 22014471067 a prime number?
True
Is 247183941259 composite?
True
Is 131531273309 prime?
True
Is 45049289 a prime number?
True
Is 3410493374 a prime number?
False
Is 303506421941 composite?
False
Is 15885634333 a prime number?
True
Is 3398557891 a composite number?
True
Is 114560629457 a composite number?
True
Is 6639740447 a composite number?
False
Is 2993502431 composite?
True
Is 6455771873 composite?
True
Is 9329890477 composite?
True
Is 198488809 a prime number?
True
Is 2284358261 prime?
False
Is 74152547 composite?
True
Is 3202090663 a prime number?
False
Is 1132034941 a composite number?
False
Is 166877827 a composite number?
False
Is 533662421 prime?
True
Is 125199439 prime?
True
Is 326533956511 prime?
False
Is 3065073533 a prime number?
False
Is 3172599959 prime?
False
Is 1680949813 composite?
False
Is 23938187293 composite?
False
Is 315843091 a prime number?
True
Is 1262568511 a composite number?
True
Is 381661799 prime?
True
Is 58120757 prime?
True
Is 20512586161 a prime number?
False
Is 1011240041 a prime number?
False
Is 383700133879 a composite number?
False
Is 21445805011 composite?
True
Is 458122307 a prime number?
False
Is 1690147247 a composite number?
False
Is 767595821 composite?
True
Is 68644138099 a composite number?
True
Is 3203174329 prime?
False
Is 2105249073 a prime number?
False
Is 60803287127 composite?
True
Is 21861676691 a composite number?
False
Is 5005298541 a prime number?
False
Is 87604237 composite?
True
Is 71778661177 prime?
False
Is 20691622379 a prime number?
False
Is 1718225237 prime?
False
Is 62186266567 prime?
True
Is 466119881 a composite number?
False
Is 10434559957 a prime number?
True
Is 23785502834 composite?
True
Is 6871032667 a composite number?
True
Is 7325350159 a prime number?
True
Is 1020640787 a composite number?
False
Is 1080158549 prime?
True
Is 37933228691 a prime number?
True
Is 10628826359 a prime number?
True
Is 470353643 a composite number?
True
Is 6209487997 a prime number?
False
Is 375510517 a composite number?
True
Is 33100184123 prime?
False
Is 47374090243 a composite number?
True
Is 1225298911 a prime number?
False
Is 14190700469 a prime number?
False
Is 232053067 prime?
True
Is 757103323 a prime number?
True
Is 93803441 composite?
False
Is 135694282677 a composite number?
True
Is 4703836343 a prime number?
True
Is 1820625533 a prime number?
True
Is 29585410585 prime?
False
Is 322060472978 composite?
True
Is 22660918589 composite?
False
Is 24117167 a prime number?
True
Is 86479843 composite?
False
Is 675752071 a prime number?
False
Is 1801518809 a prime number?
False
Is 27661083971 a prime number?
False
Is 701727517 prime?
False
Is 39998117447 a prime number?
False
Is 415288403 a prime number?
False
Is 12986749661 a prime number?
True
Is 11133208519 a composite number?
True
Is 2299686757 a composite number?
False
Is 3984403183 a prime number?
False
Is 95287035047 a prime number?
False
Is 9574855637 prime?
False
Is 3583251709 a prime number?
True
Is 1615743401 prime?
True
Is 11994929 a prime number?
False
Is 125800394297 composite?
False
Is 1521788783 composite?
False
Is 63181517729 a composite number?
True
Is 812290585 composite?
True
Is 79072745203 a composite number?
False
Is 14564278891 a composite number?
True
Is 102223133 a prime number?
False
Is 33971036591 a composite number?
False
Is 730626077 a composite number?
True
Is 635354879 a prime number?
False
Is 29041183415 composite?
True
Is 507995702 a composite number?
True
Is 11469896015 a composite number?
True
Is 362803291 a prime number?
False
Is 532053839 a prime number?
True
Is 12809091311 prime?
True
Is 560790259 prime?
True
Is 35277931529 a composite number?
False
Is 44002951379 a prime number?
False
Is 12572584187 a composite number?
True
Is 4376360971 a composite number?
True
Is 1126982357 a prime number?
True
Is 4632919769 a prime number?
True
Is 67222387 prime?
True
Is 6769215851 a composite number?
False
Is 1642145933 composite?
False
Is 280500823 composite?
False
Is 2587959643 a composite number?
True
Is 1150513661 composite?
True
Is 289346977 prime?
True
Is 1034042461 prime?
True
Is 99294226 prime?
False
Is 931752527 a prime number?
True
Is 111980579 composite?
True
Is 6476978437 composite?
True
Is 2628145763 a prime number?
True
Is 78761064479 prime?
True
Is 3857118211 composite?
True
Is 136023031 a prime number?
False
Is 7836148627 composite?
False
Is 13299809 a composite number?
False
Is 19151594921 prime?
False
Is 393889109 a composite number?
False
Is 1120048441 prime?
True
Is 20701149113 a prime number?
True
Is 34085371843 composite?
False
Is 135042503 composite?
True
Is 103387703 prime?
True
Is 1981104527 composite?
False
Is 130228243 a composite number?
True
Is 659120807 a prime number?
True
Is 52480421867 a prime number?
False
Is 4111510017 composite?
True
Is 7662188213 a prime number?
True
Is 7204669931 a prime number?
True
Is 697667129 prime?
True
Is 70001339419 prime?
False
Is 4839874099 a composite number?
False
Is 7936727 composite?
False
Is 178959241 a prime number?
True
Is 725179318 composite?
True
Is 26542446581 prime?
False
Is 5947524361 a prime number?
False
Is 16895584211 composite?
True
Is 81460289 a prime number?
True
Is 50092583 composite?
False
Is 26565268549 a prime number?
False
Is 3292094339 composite?
False
Is 19061517347 a composite number?
True
Is 39496369727 a composite number?
False
Is 108765647 a prime number?
False
Is 320836501 composite?
False
Is 14888599311 composite?
True
Is 237400057 a prime number?
True
Is 1030502507 prime?
True
Is 3405175579 composite?
True
Is 837778121 prime?
False
Is 20822775247 a composite number?
True
Is 331380029 composite?
True
Is 45081635 a prime number?
False
Is 8569565933 a composite number?
True
Is 5472713201 a composite number?
False
Is 610577257 a composite number?
True
Is 5147420015 composite?
True
Is 137045603 prime?
True
Is 6735319 a prime number?
True
Is 3359363957 prime?
True
Is 2496059737 a composite number?
True
Is 9188334227 a composite number?
False
Is 312203471 a prime number?
True
Is 8610972989 a prime number?
True
Is 19664335615 a composite number?
True
Is 3588804561 a prime number?
False
Is 927466405 composite?
True
Is 2869667431 prime?
False
Is 41332003507 a prime number?
False
Is 1007293283 composite?
False
Is 9028570483 a prime number?
True
Is 34362977939 composite?
False
Is 12507250435 composite?
True
Is 5672393781 prime?
False
Is 321769891 composite?
False
Is 3247523891 a prime number?
False
Is 678789406 a prime number?
False
Is 17410389553 a prime number?
False
Is 286612247 prime?
False
Is 113830806091 prime?
True
Is 428845559 prime?
True
Is 897031651 prime?
True
Is 4386298055 composite?
True
Is 53802377149 a composite number?
True
Is 4587432439 a comp